s digit of 27738486?
8
What is the hundred millions digit of 5299051727?
2
What is the hundred millions digit of 374753383?
3
What is the ten thousands digit of 305171537?
7
What is the ten millions digit of 4439563037?
3
What is the thousands digit of 208857257?
7
What is the billions digit of 2076235130?
2
What is the thousands digit of 238211355?
1
What is the ten thousands digit of 5232157118?
5
What is the tens digit of 625556287?
8
What is the thousands digit of 286093278?
3
What is the tens digit of 93113775?
7
What is the hundred thousands digit of 123786316?
7
What is the tens digit of 2192818?
1
What is the ten thousands digit of 656857155?
5
What is the hundred thousands digit of 242710502?
7
What is the hundred thousands digit of 158481832?
4
What is the millions digit of 15920837?
5
What is the units digit of 2092194928?
8
What is the ten millions digit of 629707416?
2
What is the hundreds digit of 2093794145?
1
What is the units digit of 5803173326?
6
What is the hundreds digit of 240367899?
8
What is the units digit of 90155181?
1
What is the thousands digit of 350742825?
2
What is the units digit of 12783645?
5
What is the ten thousands digit of 54365681?
6
What is the ten millions digit of 722760884?
2
What is the tens digit of 57009449?
4
What is the ten thousands digit of 1081991399?
9
What is the tens digit of 15415268?
6
What is the units digit of 2409857233?
3
What is the hundred thousands digit of 146029826?
0
What is the hundreds digit of 78389566?
5
What is the hundred millions digit of 816389447?
8
What is the tens digit of 207129689?
8
What is the billions digit of 2144453058?
2
What is the millions digit of 62223034?
2
What is the hundred thousands digit of 161548048?
5
What is the ten thousands digit of 263956862?
5
What is the millions digit of 531677032?
1
What is the ten thousands digit of 21829647?
2
What is the thousands digit of 224447774?
7
What is the hundreds digit of 286351587?
5
What is the units digit of 301637548?
8
What is the hundred thousands digit of 44301762?
3
What is the hundred thousands digit of 6896672845?
6
What is the hundreds digit of 9736994?
9
What is the thousands digit of 348411756?
1
What is the hundreds digit of 2601437447?
4
What is the ten millions digit of 5230392958?
3
What is the millions digit of 90054540?
0
What is the thousands digit of 27292254?
2
What is the hundreds digit of 3337548902?
9
What is the hundred millions digit of 413973989?
4
What is the hundreds digit of 2290098508?
5
What is the hundreds digit of 153085387?
3
What is the thousands digit of 88106017?
6
What is the hundred thousands digit of 57218015?
2
What is the ten thousands digit of 1399698549?
9
What is the ten thousands digit of 37088611?
8
What is the hundred thousands digit of 267771270?
7
What is the units digit of 110638315?
5
What is the billions digit of 1635530899?
1
What is the ten millions digit of 156053596?
5
What is the hundreds digit of 379626274?
2
What is the thousands digit of 90139000?
9
What is the millions digit of 17783616?
7
What is the thousands digit of 17570739?
0
What is the thousands digit of 990823581?
3
What is the thousands digit of 264017022?
7
What is the ten thousands digit of 5289176251?
7
What is the hundred thousands digit of 50895310?
8
What is the units digit of 26715797?
7
What is the millions digit of 506702863?
6
What is the hundred thousands digit of 6255205340?
2
What is the ten millions digit of 1067182349?
6
What is the ten thousands digit of 155881490?
8
What is the ten millions digit of 127580427?
2
What is the tens digit of 2490129385?
8
What is the millions digit of 1716675?
1
What is the thousands digit of 122929803?
9
What is the hundred thousands digit of 5772162685?
1
What is the ten thousands digit of 295334144?
3
What is the units digit of 780854724?
4
What is the tens digit of 756518697?
9
What is the ten millions digit of 166583325?
6
What is the tens digit of 280227368?
6
What is the ten millions digit of 944752988?
4
What is the thousands digit of 140971646?
1
What is the ten millions digit of 37311232?
3
What is the billions digit of 1357991685?
1
What is the hundreds digit of 2075875843?
8
What is the hundred thousands digit of 3522061118?
0
What is the ten millions digit of 1055350243?
5
What is the hundreds digit of 68886793?
7
What is the tens digit of 4969724065?
6
What is the thousands digit of 139180435?
0
What is the hundred thousands digit of 108736202?
7
What is the millions digit of 1932690374?
2
What is the thousands digit of 7087247?
7
What is the units digit of 2224306116?
6
What is the hundred thousands digit of 214702473?
7
What is the thousands digit of 92928590?
8
What is the hundred thousands digit of 28891002?
8
What is the hundred millions digit of 887371335?
8
What is the hundred thousands digit of 675912272?
9
What is the hundred millions digit of 577457762?
5
What is the tens digit of 32180367?
6
What is the units digit of 13150824?
4
What is the tens digit of 168888840?
4
What is the thousands digit of 16935431?
5
What is the thousands digit of 3254410?
4
What is the ten thousands digit of 89399852?
9
What is the hundred thousands digit of 4079382943?
3
What is the ten thousands digit of 8775581707?
8
What is the thousands digit of 52033804?
3
What is the hundreds digit of 213390578?
5
What is the thousands digit of 1768441822?
1
What is the ten thousands digit of 42331956?
3
What is the tens digit of 2177018563?
6
What is the ten millions digit of 123956975?
2
What is the ten thousands digit of 1964670584?
7
What is the billions digit of 1830459570?
1
What is the hundred thousands digit of 104066311?
0
What is the ten thousands digit of 63843799?
4
What is the hundred thousands digit of 2145960194?
9
What is the millions digit of 52893384?
2
What is the tens digit of 2069864214?
1
What is the hundreds digit of 50712689?
6
What is the tens digit of 3955649151?
5
What is the ten thousands digit of 548181889?
8
What is the millions digit of 865226145?
5
What is the hundreds digit of 208084013?
0
What is the ten millions digit of 3395796802?
9
What is the hundreds digit of 254499654?
6
What is the hundred millions digit of 123827384?
1
What is the ten millions digit of 541928565?
4
What is the units digit of 6178206?
6
What is the hundred thousands digit of 9329346?
3
What is the thousands digit of 41621263?
1
What is the thousands digit of 345605249?
5
What is the hundred thousands digit of 111014103?
0
What is the hundreds digit of 5294206689?
6
What is the hundreds digit of 63809524?
5
What is the ten thousands digit of 59181838?
8
What is the hundreds digit of 59525112?
1
What is the hundred thousands digit of 9764711?
7
What is the thousands digit of 23559516?
9
What is the hundreds digit of 507363028?
0
What is the tens digit of 1248081321?
2
What is the ten thousands digit of 621782282?
8
What is the units digit of 154086307?
7
What is the tens digit of 29528366?
6
What is the hundred thousands digit of 30807376?
8
What is the ten millions digit of 73350923?
7
What is the units digit of 130574928?
8
What is the thousands digit of 54523770?
3
What is the ten millions digit of 19456275?
1
What is the tens digit of 3114780310?
1
What is the tens digit of 82620643?
4
What is the hundred thousands digit of 4967517911?
5
What is the units digit of 44732190?
0
What is the units digit of 72875883?
3
What is the tens digit of 2302755124?
2
What is the tens digit of 2400089208?
0
What is the hundred thousands digit of 76555524?
5
What is the thousands digit of 17310951?
0
What is the billions digit of 1281101412?
1
What is the millions digit of 1336511498?
6
What is the units digit of 863271967?
7
What is the tens digit of 2536769555?
5
What is the ten thousands digit of 518208625?
0
What is the millions digit of 94038911?
4
What is the units digit of 12647861?
1
What is the hundreds digit of 476124731?
7
What is the ten thousands digit of 188404604?
0
What is the ten thousands digit of 241586123?
8
What is the ten millions digit of 168530537?
6
What is the tens digit of 830150234?
3
What is the hundred thousands digit of 764694820?
6
What is the tens digit of 2351299304?
0
What is the hundreds digit of 26736088?
0
What i